{"id":40,"date":"2021-04-30T06:42:51","date_gmt":"2021-04-30T06:42:51","guid":{"rendered":"http:\/\/metimemusic.hu\/?page_id=40"},"modified":"2023-05-07T20:00:36","modified_gmt":"2023-05-07T20:00:36","slug":"fotok","status":"publish","type":"page","link":"http:\/\/metimemusic.hu\/index.php\/fotok\/","title":{"rendered":"Fot\u00f3k"},"content":{"rendered":"\n<div class=\"wp-block-image\"><figure class=\"aligncenter size-large\"><img loading=\"lazy\" width=\"1024\" height=\"682\" src=\"http:\/\/metimemusic.hu\/wp-content\/uploads\/2023\/05\/IMG_20230419_083218584_Dragon-1024x682.jpg\" alt=\"\" class=\"wp-image-127\" srcset=\"http:\/\/metimemusic.hu\/wp-content\/uploads\/2023\/05\/IMG_20230419_083218584_Dragon-1024x682.jpg 1024w, http:\/\/metimemusic.hu\/wp-content\/uploads\/2023\/05\/IMG_20230419_083218584_Dragon-300x200.jpg 300w, http:\/\/metimemusic.hu\/wp-content\/uploads\/2023\/05\/IMG_20230419_083218584_Dragon-768x512.jpg 768w, http:\/\/metimemusic.hu\/wp-content\/uploads\/2023\/05\/IMG_20230419_083218584_Dragon-1536x1023.jpg 1536w, http:\/\/metimemusic.hu\/wp-content\/uploads\/2023\/05\/IMG_20230419_083218584_Dragon.jpg 1732w\" sizes=\"(max-width: 767px) 89vw, (max-width: 1000px) 54vw, (max-width: 1071px) 543px, 580px\" \/><figcaption>Si\u00f3fok &#8211; Hotel Az\u00far &#8211; 2023<\/figcaption><\/figure><\/div>\n\n\n\n<div class=\"wp-block-image\"><figure class=\"aligncenter size-large is-resized\"><img loading=\"lazy\" src=\"http:\/\/metimemusic.hu\/wp-content\/uploads\/2023\/05\/Colombus_Konferencia-1554-1024x683.jpg\" alt=\"\" class=\"wp-image-122\" width=\"671\" height=\"444\"\/><\/figure><\/div>\n\n\n\n<figure class=\"wp-block-gallery columns-1 is-cropped\"><ul class=\"blocks-gallery-grid\"><li class=\"blocks-gallery-item\"><figure><img loading=\"lazy\" width=\"767\" height=\"1024\" src=\"http:\/\/metimemusic.hu\/wp-content\/uploads\/2023\/05\/20230420_210347-767x1024.jpg\" alt=\"\" data-id=\"129\" data-full-url=\"http:\/\/metimemusic.hu\/wp-content\/uploads\/2023\/05\/20230420_210347-scaled.jpg\" data-link=\"http:\/\/metimemusic.hu\/index.php\/fotok\/20230420_210347\/\" class=\"wp-image-129\" srcset=\"http:\/\/metimemusic.hu\/wp-content\/uploads\/2023\/05\/20230420_210347-767x1024.jpg 767w, http:\/\/metimemusic.hu\/wp-content\/uploads\/2023\/05\/20230420_210347-225x300.jpg 225w, http:\/\/metimemusic.hu\/wp-content\/uploads\/2023\/05\/20230420_210347-768x1026.jpg 768w, http:\/\/metimemusic.hu\/wp-content\/uploads\/2023\/05\/20230420_210347-1150x1536.jpg 1150w, http:\/\/metimemusic.hu\/wp-content\/uploads\/2023\/05\/20230420_210347-1533x2048.jpg 1533w, http:\/\/metimemusic.hu\/wp-content\/uploads\/2023\/05\/20230420_210347-scaled.jpg 1917w\" sizes=\"(max-width: 767px) 89vw, (max-width: 1000px) 54vw, (max-width: 1071px) 543px, 580px\" \/><figcaption class=\"blocks-gallery-item__caption\">Si\u00f3fok &#8211; HOTEL AZ\u00daR &#8211; 2023<\/figcaption><\/figure><\/li><\/ul><\/figure>\n\n\n\n<div class=\"wp-block-image\"><figure class=\"aligncenter size-large is-resized\"><img loading=\"lazy\" src=\"http:\/\/metimemusic.hu\/wp-content\/uploads\/2023\/05\/MeTime-1030-1-767x1024.jpg\" alt=\"\" class=\"wp-image-121\" width=\"676\" height=\"899\"\/><\/figure><\/div>\n\n\n\n<figure class=\"wp-block-image size-large\"><img loading=\"lazy\" width=\"1024\" height=\"727\" src=\"http:\/\/metimemusic.hu\/wp-content\/uploads\/2023\/05\/IMG_20230306_191931273_Frangipani-1024x727.jpg\" alt=\"\" class=\"wp-image-126\" srcset=\"http:\/\/metimemusic.hu\/wp-content\/uploads\/2023\/05\/IMG_20230306_191931273_Frangipani-1024x727.jpg 1024w, http:\/\/metimemusic.hu\/wp-content\/uploads\/2023\/05\/IMG_20230306_191931273_Frangipani-300x213.jpg 300w, http:\/\/metimemusic.hu\/wp-content\/uploads\/2023\/05\/IMG_20230306_191931273_Frangipani-768x545.jpg 768w, http:\/\/metimemusic.hu\/wp-content\/uploads\/2023\/05\/IMG_20230306_191931273_Frangipani-1536x1090.jpg 1536w, http:\/\/metimemusic.hu\/wp-content\/uploads\/2023\/05\/IMG_20230306_191931273_Frangipani.jpg 1678w\" sizes=\"(max-width: 767px) 89vw, (max-width: 1000px) 54vw, (max-width: 1071px) 543px, 580px\" \/><figcaption>NoMilkToday &#8211; Szeged &#8211; 2023<\/figcaption><\/figure>\n\n\n\n<figure class=\"wp-block-image size-large\"><img loading=\"lazy\" width=\"1024\" height=\"683\" src=\"http:\/\/metimemusic.hu\/wp-content\/uploads\/2023\/05\/DSC09145_websize-1024x683.jpg\" alt=\"\" class=\"wp-image-123\" srcset=\"http:\/\/metimemusic.hu\/wp-content\/uploads\/2023\/05\/DSC09145_websize-1024x683.jpg 1024w, http:\/\/metimemusic.hu\/wp-content\/uploads\/2023\/05\/DSC09145_websize-300x200.jpg 300w, http:\/\/metimemusic.hu\/wp-content\/uploads\/2023\/05\/DSC09145_websize-768x512.jpg 768w, http:\/\/metimemusic.hu\/wp-content\/uploads\/2023\/05\/DSC09145_websize-1536x1024.jpg 1536w, http:\/\/metimemusic.hu\/wp-content\/uploads\/2023\/05\/DSC09145_websize.jpg 2048w\" sizes=\"(max-width: 767px) 89vw, (max-width: 1000px) 54vw, (max-width: 1071px) 543px, 580px\" \/><figcaption>No Milk Today &#8211; Szeged &#8211; 2023<\/figcaption><\/figure>\n\n\n\n<figure class=\"wp-block-image size-large\"><img loading=\"lazy\" width=\"1024\" height=\"576\" src=\"http:\/\/metimemusic.hu\/wp-content\/uploads\/2021\/08\/20210807-Shape-of-kep-2-1024x576.jpg\" alt=\"\" class=\"wp-image-109\" srcset=\"http:\/\/metimemusic.hu\/wp-content\/uploads\/2021\/08\/20210807-Shape-of-kep-2-1024x576.jpg 1024w, http:\/\/metimemusic.hu\/wp-content\/uploads\/2021\/08\/20210807-Shape-of-kep-2-300x169.jpg 300w, http:\/\/metimemusic.hu\/wp-content\/uploads\/2021\/08\/20210807-Shape-of-kep-2-768x432.jpg 768w, http:\/\/metimemusic.hu\/wp-content\/uploads\/2021\/08\/20210807-Shape-of-kep-2-1536x864.jpg 1536w, http:\/\/metimemusic.hu\/wp-content\/uploads\/2021\/08\/20210807-Shape-of-kep-2.jpg 1773w\" sizes=\"(max-width: 767px) 89vw, (max-width: 1000px) 54vw, (max-width: 1071px) 543px, 580px\" \/><figcaption>Sirona haj\u00f3 2021-08-07<\/figcaption><\/figure>\n\n\n\n<figure class=\"wp-block-image size-large\"><img loading=\"lazy\" width=\"1024\" height=\"853\" src=\"http:\/\/metimemusic.hu\/wp-content\/uploads\/2021\/08\/20210807_204349-1024x853.jpg\" alt=\"\" class=\"wp-image-110\" srcset=\"http:\/\/metimemusic.hu\/wp-content\/uploads\/2021\/08\/20210807_204349-1024x853.jpg 1024w, http:\/\/metimemusic.hu\/wp-content\/uploads\/2021\/08\/20210807_204349-300x250.jpg 300w, http:\/\/metimemusic.hu\/wp-content\/uploads\/2021\/08\/20210807_204349-768x639.jpg 768w, http:\/\/metimemusic.hu\/wp-content\/uploads\/2021\/08\/20210807_204349-1536x1279.jpg 1536w, http:\/\/metimemusic.hu\/wp-content\/uploads\/2021\/08\/20210807_204349-2048x1705.jpg 2048w\" sizes=\"(max-width: 767px) 89vw, (max-width: 1000px) 54vw, (max-width: 1071px) 543px, 580px\" \/><figcaption>Sirona haj\u00f3 2021.08.07.<\/figcaption><\/figure>\n\n\n\n<figure class=\"wp-block-gallery columns-5 is-cropped\"><ul class=\"blocks-gallery-grid\"><li class=\"blocks-gallery-item\"><figure><a href=\"http:\/\/metimemusic.hu\/wp-content\/uploads\/2021\/05\/FB-1-1024x872.jpg\"><img loading=\"lazy\" width=\"1024\" height=\"872\" src=\"http:\/\/metimemusic.hu\/wp-content\/uploads\/2021\/05\/FB-1-1024x872.jpg\" alt=\"\" data-id=\"57\" data-link=\"http:\/\/metimemusic.hu\/index.php\/fotok\/fb-1-2\/\" class=\"wp-image-57\" srcset=\"http:\/\/metimemusic.hu\/wp-content\/uploads\/2021\/05\/FB-1-1024x872.jpg 1024w, http:\/\/metimemusic.hu\/wp-content\/uploads\/2021\/05\/FB-1-300x255.jpg 300w, http:\/\/metimemusic.hu\/wp-content\/uploads\/2021\/05\/FB-1-768x654.jpg 768w, http:\/\/metimemusic.hu\/wp-content\/uploads\/2021\/05\/FB-1.jpg 1102w\" sizes=\"(max-width: 767px) 89vw, (max-width: 1000px) 54vw, (max-width: 1071px) 543px, 580px\" \/><\/a><figcaption class=\"blocks-gallery-item__caption\"><sub>Memorise Skybar 2020.08.<\/sub><\/figcaption><\/figure><\/li><li class=\"blocks-gallery-item\"><figure><a href=\"http:\/\/metimemusic.hu\/wp-content\/uploads\/2021\/05\/IMG_1734-1024x684.jpg\"><img loading=\"lazy\" width=\"1024\" height=\"684\" src=\"http:\/\/metimemusic.hu\/wp-content\/uploads\/2021\/05\/IMG_1734-1024x684.jpg\" alt=\"\" data-id=\"60\" data-link=\"http:\/\/metimemusic.hu\/index.php\/fotok\/img_1734\/\" class=\"wp-image-60\" srcset=\"http:\/\/metimemusic.hu\/wp-content\/uploads\/2021\/05\/IMG_1734-1024x684.jpg 1024w, http:\/\/metimemusic.hu\/wp-content\/uploads\/2021\/05\/IMG_1734-300x200.jpg 300w, http:\/\/metimemusic.hu\/wp-content\/uploads\/2021\/05\/IMG_1734-768x513.jpg 768w, http:\/\/metimemusic.hu\/wp-content\/uploads\/2021\/05\/IMG_1734-1536x1026.jpg 1536w, http:\/\/metimemusic.hu\/wp-content\/uploads\/2021\/05\/IMG_1734-2048x1368.jpg 2048w\" sizes=\"(max-width: 767px) 89vw, (max-width: 1000px) 54vw, (max-width: 1071px) 543px, 580px\" \/><\/a><\/figure><\/li><li class=\"blocks-gallery-item\"><figure><a href=\"http:\/\/metimemusic.hu\/wp-content\/uploads\/2021\/05\/IMG_1741-1024x684.jpg\"><img loading=\"lazy\" width=\"1024\" height=\"684\" src=\"http:\/\/metimemusic.hu\/wp-content\/uploads\/2021\/05\/IMG_1741-1024x684.jpg\" alt=\"\" data-id=\"61\" data-link=\"http:\/\/metimemusic.hu\/index.php\/fotok\/img_1741-2\/\" class=\"wp-image-61\" srcset=\"http:\/\/metimemusic.hu\/wp-content\/uploads\/2021\/05\/IMG_1741-1024x684.jpg 1024w, http:\/\/metimemusic.hu\/wp-content\/uploads\/2021\/05\/IMG_1741-300x200.jpg 300w, http:\/\/metimemusic.hu\/wp-content\/uploads\/2021\/05\/IMG_1741-768x513.jpg 768w, http:\/\/metimemusic.hu\/wp-content\/uploads\/2021\/05\/IMG_1741-1536x1026.jpg 1536w, http:\/\/metimemusic.hu\/wp-content\/uploads\/2021\/05\/IMG_1741-2048x1368.jpg 2048w\" sizes=\"(max-width: 767px) 89vw, (max-width: 1000px) 54vw, (max-width: 1071px) 543px, 580px\" \/><\/a><\/figure><\/li><li class=\"blocks-gallery-item\"><figure><a href=\"http:\/\/metimemusic.hu\/wp-content\/uploads\/2021\/05\/IMG_1742-1-1024x684.jpg\"><img loading=\"lazy\" width=\"1024\" height=\"684\" src=\"http:\/\/metimemusic.hu\/wp-content\/uploads\/2021\/05\/IMG_1742-1-1024x684.jpg\" alt=\"\" data-id=\"62\" data-link=\"http:\/\/metimemusic.hu\/index.php\/fotok\/img_1742-1\/\" class=\"wp-image-62\" srcset=\"http:\/\/metimemusic.hu\/wp-content\/uploads\/2021\/05\/IMG_1742-1-1024x684.jpg 1024w, http:\/\/metimemusic.hu\/wp-content\/uploads\/2021\/05\/IMG_1742-1-300x200.jpg 300w, http:\/\/metimemusic.hu\/wp-content\/uploads\/2021\/05\/IMG_1742-1-768x513.jpg 768w, http:\/\/metimemusic.hu\/wp-content\/uploads\/2021\/05\/IMG_1742-1-1536x1026.jpg 1536w, http:\/\/metimemusic.hu\/wp-content\/uploads\/2021\/05\/IMG_1742-1-2048x1368.jpg 2048w\" sizes=\"(max-width: 767px) 89vw, (max-width: 1000px) 54vw, (max-width: 1071px) 543px, 580px\" \/><\/a><\/figure><\/li><li class=\"blocks-gallery-item\"><figure><a href=\"http:\/\/metimemusic.hu\/wp-content\/uploads\/2021\/05\/IMG_1747-1024x684.jpg\"><img loading=\"lazy\" width=\"1024\" height=\"684\" src=\"http:\/\/metimemusic.hu\/wp-content\/uploads\/2021\/05\/IMG_1747-1024x684.jpg\" alt=\"\" data-id=\"63\" data-link=\"http:\/\/metimemusic.hu\/index.php\/fotok\/img_1747\/\" class=\"wp-image-63\" srcset=\"http:\/\/metimemusic.hu\/wp-content\/uploads\/2021\/05\/IMG_1747-1024x684.jpg 1024w, http:\/\/metimemusic.hu\/wp-content\/uploads\/2021\/05\/IMG_1747-300x200.jpg 300w, http:\/\/metimemusic.hu\/wp-content\/uploads\/2021\/05\/IMG_1747-768x513.jpg 768w, http:\/\/metimemusic.hu\/wp-content\/uploads\/2021\/05\/IMG_1747-1536x1026.jpg 1536w, http:\/\/metimemusic.hu\/wp-content\/uploads\/2021\/05\/IMG_1747-2048x1368.jpg 2048w\" sizes=\"(max-width: 767px) 89vw, (max-width: 1000px) 54vw, (max-width: 1071px) 543px, 580px\" \/><\/a><\/figure><\/li><li class=\"blocks-gallery-item\"><figure><a href=\"http:\/\/metimemusic.hu\/wp-content\/uploads\/2021\/05\/DSC00008-1024x684.jpg\"><img loading=\"lazy\" width=\"1024\" height=\"684\" src=\"http:\/\/metimemusic.hu\/wp-content\/uploads\/2021\/05\/DSC00008-1024x684.jpg\" alt=\"\" data-id=\"71\" data-link=\"http:\/\/metimemusic.hu\/index.php\/fotok\/dsc00008\/\" class=\"wp-image-71\" srcset=\"http:\/\/metimemusic.hu\/wp-content\/uploads\/2021\/05\/DSC00008-1024x684.jpg 1024w, http:\/\/metimemusic.hu\/wp-content\/uploads\/2021\/05\/DSC00008-300x200.jpg 300w, http:\/\/metimemusic.hu\/wp-content\/uploads\/2021\/05\/DSC00008-768x513.jpg 768w, http:\/\/metimemusic.hu\/wp-content\/uploads\/2021\/05\/DSC00008-1536x1026.jpg 1536w, http:\/\/metimemusic.hu\/wp-content\/uploads\/2021\/05\/DSC00008-2048x1368.jpg 2048w\" sizes=\"(max-width: 767px) 89vw, (max-width: 1000px) 54vw, (max-width: 1071px) 543px, 580px\" \/><\/a><\/figure><\/li><li class=\"blocks-gallery-item\"><figure><a href=\"http:\/\/metimemusic.hu\/wp-content\/uploads\/2021\/05\/IMG_2913.jpg\"><img loading=\"lazy\" width=\"960\" height=\"540\" src=\"http:\/\/metimemusic.hu\/wp-content\/uploads\/2021\/05\/IMG_2913.jpg\" alt=\"\" data-id=\"64\" data-link=\"http:\/\/metimemusic.hu\/index.php\/fotok\/img_2913\/\" class=\"wp-image-64\" srcset=\"http:\/\/metimemusic.hu\/wp-content\/uploads\/2021\/05\/IMG_2913.jpg 960w, http:\/\/metimemusic.hu\/wp-content\/uploads\/2021\/05\/IMG_2913-300x169.jpg 300w, http:\/\/metimemusic.hu\/wp-content\/uploads\/2021\/05\/IMG_2913-768x432.jpg 768w\" sizes=\"(max-width: 767px) 89vw, (max-width: 1000px) 54vw, (max-width: 1071px) 543px, 580px\" \/><\/a><\/figure><\/li><li class=\"blocks-gallery-item\"><figure><a href=\"http:\/\/metimemusic.hu\/wp-content\/uploads\/2021\/05\/IMG_6078-773x1024.jpg\"><img loading=\"lazy\" width=\"773\" height=\"1024\" src=\"http:\/\/metimemusic.hu\/wp-content\/uploads\/2021\/05\/IMG_6078-773x1024.jpg\" alt=\"\" data-id=\"65\" data-link=\"http:\/\/metimemusic.hu\/index.php\/fotok\/img_6078\/\" class=\"wp-image-65\" srcset=\"http:\/\/metimemusic.hu\/wp-content\/uploads\/2021\/05\/IMG_6078-773x1024.jpg 773w, http:\/\/metimemusic.hu\/wp-content\/uploads\/2021\/05\/IMG_6078-226x300.jpg 226w, http:\/\/metimemusic.hu\/wp-content\/uploads\/2021\/05\/IMG_6078-768x1018.jpg 768w, http:\/\/metimemusic.hu\/wp-content\/uploads\/2021\/05\/IMG_6078-1159x1536.jpg 1159w, http:\/\/metimemusic.hu\/wp-content\/uploads\/2021\/05\/IMG_6078-rotated.jpg 1280w\" sizes=\"(max-width: 767px) 89vw, (max-width: 1000px) 54vw, (max-width: 1071px) 543px, 580px\" \/><\/a><\/figure><\/li><li class=\"blocks-gallery-item\"><figure><a href=\"http:\/\/metimemusic.hu\/wp-content\/uploads\/2021\/05\/IMG_6152-1024x683.jpg\"><img loading=\"lazy\" width=\"1024\" height=\"683\" src=\"http:\/\/metimemusic.hu\/wp-content\/uploads\/2021\/05\/IMG_6152-1024x683.jpg\" alt=\"\" data-id=\"66\" data-link=\"http:\/\/metimemusic.hu\/index.php\/fotok\/img_6152\/\" class=\"wp-image-66\" srcset=\"http:\/\/metimemusic.hu\/wp-content\/uploads\/2021\/05\/IMG_6152-1024x683.jpg 1024w, http:\/\/metimemusic.hu\/wp-content\/uploads\/2021\/05\/IMG_6152-300x200.jpg 300w, http:\/\/metimemusic.hu\/wp-content\/uploads\/2021\/05\/IMG_6152-768x512.jpg 768w, http:\/\/metimemusic.hu\/wp-content\/uploads\/2021\/05\/IMG_6152-1536x1024.jpg 1536w, http:\/\/metimemusic.hu\/wp-content\/uploads\/2021\/05\/IMG_6152.jpg 1920w\" sizes=\"(max-width: 767px) 89vw, (max-width: 1000px) 54vw, (max-width: 1071px) 543px, 580px\" \/><\/a><\/figure><\/li><li class=\"blocks-gallery-item\"><figure><a href=\"http:\/\/metimemusic.hu\/wp-content\/uploads\/2021\/05\/IMG_6153-683x1024.jpg\"><img loading=\"lazy\" width=\"683\" height=\"1024\" src=\"http:\/\/metimemusic.hu\/wp-content\/uploads\/2021\/05\/IMG_6153-683x1024.jpg\" alt=\"\" data-id=\"67\" data-link=\"http:\/\/metimemusic.hu\/index.php\/fotok\/img_6153\/\" class=\"wp-image-67\" srcset=\"http:\/\/metimemusic.hu\/wp-content\/uploads\/2021\/05\/IMG_6153-683x1024.jpg 683w, http:\/\/metimemusic.hu\/wp-content\/uploads\/2021\/05\/IMG_6153-200x300.jpg 200w, http:\/\/metimemusic.hu\/wp-content\/uploads\/2021\/05\/IMG_6153-768x1152.jpg 768w, http:\/\/metimemusic.hu\/wp-content\/uploads\/2021\/05\/IMG_6153-1024x1536.jpg 1024w, http:\/\/metimemusic.hu\/wp-content\/uploads\/2021\/05\/IMG_6153-rotated.jpg 1280w\" sizes=\"(max-width: 683px) 100vw, 683px\" \/><\/a><\/figure><\/li><li class=\"blocks-gallery-item\"><figure><a href=\"http:\/\/metimemusic.hu\/wp-content\/uploads\/2021\/05\/IMG_6904-768x1024.jpg\"><img loading=\"lazy\" width=\"768\" height=\"1024\" src=\"http:\/\/metimemusic.hu\/wp-content\/uploads\/2021\/05\/IMG_6904-768x1024.jpg\" alt=\"\" data-id=\"68\" data-link=\"http:\/\/metimemusic.hu\/index.php\/fotok\/img_6904\/\" class=\"wp-image-68\" srcset=\"http:\/\/metimemusic.hu\/wp-content\/uploads\/2021\/05\/IMG_6904-768x1024.jpg 768w, http:\/\/metimemusic.hu\/wp-content\/uploads\/2021\/05\/IMG_6904-225x300.jpg 225w, http:\/\/metimemusic.hu\/wp-content\/uploads\/2021\/05\/IMG_6904-1152x1536.jpg 1152w, http:\/\/metimemusic.hu\/wp-content\/uploads\/2021\/05\/IMG_6904-rotated.jpg 1512w\" sizes=\"(max-width: 767px) 89vw, (max-width: 1000px) 54vw, (max-width: 1071px) 543px, 580px\" \/><\/a><figcaption class=\"blocks-gallery-item__caption\">Memorise Skybar 2020.07.<\/figcaption><\/figure><\/li><li class=\"blocks-gallery-item\"><figure><a href=\"http:\/\/metimemusic.hu\/wp-content\/uploads\/2021\/07\/KEP-3-1.jpg\"><img loading=\"lazy\" width=\"1024\" height=\"767\" src=\"http:\/\/metimemusic.hu\/wp-content\/uploads\/2021\/07\/KEP-3-1-1024x767.jpg\" alt=\"\" data-id=\"105\" data-full-url=\"http:\/\/metimemusic.hu\/wp-content\/uploads\/2021\/07\/KEP-3-1.jpg\" data-link=\"http:\/\/metimemusic.hu\/?attachment_id=105\" class=\"wp-image-105\" srcset=\"http:\/\/metimemusic.hu\/wp-content\/uploads\/2021\/07\/KEP-3-1-1024x767.jpg 1024w, http:\/\/metimemusic.hu\/wp-content\/uploads\/2021\/07\/KEP-3-1-300x225.jpg 300w, http:\/\/metimemusic.hu\/wp-content\/uploads\/2021\/07\/KEP-3-1-768x575.jpg 768w, http:\/\/metimemusic.hu\/wp-content\/uploads\/2021\/07\/KEP-3-1.jpg 1508w\" sizes=\"(max-width: 767px) 89vw, (max-width: 1000px) 54vw, (max-width: 1071px) 543px, 580px\" \/><\/a><figcaption class=\"blocks-gallery-item__caption\">Haris Park 2021. 08.<\/figcaption><\/figure><\/li><\/ul><\/figure>\n\n\n\n<p><\/p>\n\n\n\n<p><\/p>\n\n\n\n<figure class=\"wp-block-image size-large\"><img loading=\"lazy\" width=\"1008\" height=\"1024\" src=\"http:\/\/metimemusic.hu\/wp-content\/uploads\/2023\/05\/IMG_20230306_191730131_Gothic-1-1008x1024.jpg\" alt=\"\" class=\"wp-image-132\" srcset=\"http:\/\/metimemusic.hu\/wp-content\/uploads\/2023\/05\/IMG_20230306_191730131_Gothic-1-1008x1024.jpg 1008w, http:\/\/metimemusic.hu\/wp-content\/uploads\/2023\/05\/IMG_20230306_191730131_Gothic-1-295x300.jpg 295w, http:\/\/metimemusic.hu\/wp-content\/uploads\/2023\/05\/IMG_20230306_191730131_Gothic-1-768x780.jpg 768w, http:\/\/metimemusic.hu\/wp-content\/uploads\/2023\/05\/IMG_20230306_191730131_Gothic-1.jpg 1403w\" sizes=\"(max-width: 767px) 89vw, (max-width: 1000px) 54vw, (max-width: 1071px) 543px, 580px\" \/><figcaption>Esk\u00fcv\u0151i eb\u00e9d &#8211; Robinson \u00e9tterem &#8211; 2020<\/figcaption><\/figure>\n","protected":false},"excerpt":{"rendered":"","protected":false},"author":1,"featured_media":0,"parent":0,"menu_order":0,"comment_status":"closed","ping_status":"closed","template":"","meta":[],"_links":{"self":[{"href":"http:\/\/metimemusic.hu\/index.php\/wp-json\/wp\/v2\/pages\/40"}],"collection":[{"href":"http:\/\/metimemusic.hu\/index.php\/wp-json\/wp\/v2\/pages"}],"about":[{"href":"http:\/\/metimemusic.hu\/index.php\/wp-json\/wp\/v2\/types\/page"}],"author":[{"embeddable":true,"href":"http:\/\/metimemusic.hu\/index.php\/wp-json\/wp\/v2\/users\/1"}],"replies":[{"embeddable":true,"href":"http:\/\/metimemusic.hu\/index.php\/wp-json\/wp\/v2\/comments?post=40"}],"version-history":[{"count":16,"href":"http:\/\/metimemusic.hu\/index.php\/wp-json\/wp\/v2\/pages\/40\/revisions"}],"predecessor-version":[{"id":137,"href":"http:\/\/metimemusic.hu\/index.php\/wp-json\/wp\/v2\/pages\/40\/revisions\/137"}],"wp:attachment":[{"href":"http:\/\/metimemusic.hu\/index.php\/wp-json\/wp\/v2\/media?parent=40"}],"curies":[{"name":"wp","href":"https:\/\/api.w.org\/{rel}","templated":true}]}}